{"id":500,"date":"2020-05-03T12:36:36","date_gmt":"2020-05-03T10:36:36","guid":{"rendered":"http:\/\/boutique.ettorevini.fr\/index.php\/produit\/import-placeholder-for-111\/"},"modified":"2025-02-23T13:33:54","modified_gmt":"2025-02-23T12:33:54","slug":"lehte","status":"publish","type":"product","link":"https:\/\/boutique.ettorevini.fr\/index.php\/produit\/lehte\/","title":{"rendered":"Lehte"},"content":{"rendered":"<h2><strong>Producteur<\/strong><\/h2>\n<hr \/>\n<h3><strong>Benjamin ZIDARICH &#8211; Zidarich<\/strong><\/h3>\n<p><img decoding=\"async\" class=\"wp-image-526 size-thumbnail alignleft\" src=\"https:\/\/i0.wp.com\/boutique.ettorevini.fr\/wp-content\/uploads\/2020\/05\/Benjamin-CL.jpg?resize=150%2C150&#038;ssl=1\" alt=\"\" width=\"150\" height=\"150\" srcset=\"https:\/\/i0.wp.com\/boutique.ettorevini.fr\/wp-content\/uploads\/2020\/05\/Benjamin-CL.jpg?resize=150%2C150&amp;ssl=1 150w, https:\/\/i0.wp.com\/boutique.ettorevini.fr\/wp-content\/uploads\/2020\/05\/Benjamin-CL.jpg?resize=100%2C100&amp;ssl=1 100w, https:\/\/i0.wp.com\/boutique.ettorevini.fr\/wp-content\/uploads\/2020\/05\/Benjamin-CL.jpg?resize=600%2C600&amp;ssl=1 600w, https:\/\/i0.wp.com\/boutique.ettorevini.fr\/wp-content\/uploads\/2020\/05\/Benjamin-CL.jpg?resize=300%2C300&amp;ssl=1 300w, https:\/\/i0.wp.com\/boutique.ettorevini.fr\/wp-content\/uploads\/2020\/05\/Benjamin-CL.jpg?resize=768%2C768&amp;ssl=1 768w, https:\/\/i0.wp.com\/boutique.ettorevini.fr\/wp-content\/uploads\/2020\/05\/Benjamin-CL.jpg?w=1024&amp;ssl=1 1024w\" sizes=\"(max-width: 150px) 100vw, 150px\" data-recalc-dims=\"1\" \/>Situ\u00e9e pr\u00e8s de Trieste, l\u2019exploitation Zidarich, compos\u00e9e de 8 ha, est en plein milieu du Karst, une zone entre l\u2019Italie, la Slov\u00e9nie et la Croatie. Le Karst, terrain \u00e0 la nature tr\u00e8s complexe, est form\u00e9 par les fameuses \u00ab terre rosse \u00bb, un sol ferrugineux aux couleurs rouge\u00e2tres. La bora, vent aux rafales brutales, apporte ainsi de l\u2019eau de mer sur les vignes et compl\u00e8te un terroir qui donne aux vins cette expression tr\u00e8s originale<\/p>\n<p><a href=\"\/index.php\/les-terroiristes\/#benjamin\">En savoir plus sur Benjamin<\/a><\/p>\n<p>&nbsp;<\/p>\n<p>&nbsp;<\/p>\n<hr \/>\n<h3><strong>Fiche technique<\/strong><\/h3>\n<ul>\n<li><strong>C\u00e9page<\/strong>\u00a0: malvasia istriana<\/li>\n<li><strong>Alcool<\/strong> : 12,5\u00b0<\/li>\n<li><strong>Couleur ou type<\/strong> : blanc de mac\u00e9ration<\/li>\n<li><strong>Sol<\/strong>\u00a0: Karst, plateau de calcaire rocheux et surface de terre ferrugineuse<\/li>\n<li><strong>Vinification<\/strong>\u00a0: 15 jours mac\u00e9ration en foudre ouverte<\/li>\n<li><strong>\u00c9levage<\/strong>\u00a0: 24 mois en barrique de ch\u00eane de Slavonie<\/li>\n<li>Pas de filtrage ni de collage<\/li>\n<li>Laisser respirer 30 minutes avant d\u00e9gustation<\/li>\n<\/ul>\n","protected":false},"excerpt":{"rendered":"<p>Charmante pour ses ar\u00f4mes uniques, cette malvasia issue d\u2019une seule parcelle de vignes \u00e2g\u00e9es de 45 ans sait d\u00e9gager une force aromatique in\u00e9galable. Certes, un vin qui a besoin de temps pour s\u2019\u00e9panouir et exprimer au maximum son potentiel\u00a0: un mixte de fruits blancs, d\u2019\u00e9pices orientales et aromatiques de nuances iod\u00e9es et pierreuses qui \u00e9voluent sans rel\u00e2che dans le verre au fur \u00e0 mesure qu\u2019il s\u2019oxyg\u00e8ne. Extraordinaire r\u00eave pour une soir\u00e9e\u00a0 en charmante compagnie.<\/p>\n","protected":false},"featured_media":1565,"template":"","meta":[],"product_cat":[32],"product_tag":[54],"yoast_head":"<!-- This site is optimized with the Yoast SEO plugin v21.8.1 - https:\/\/yoast.com\/wordpress\/plugins\/seo\/ -->\n<title>Lehte - Ettore Vini - Boutique en ligne de vins naturels<\/title>\n<meta name=\"robots\" content=\"index, follow, max-snippet:-1, max-image-preview:large, max-video-preview:-1\" \/>\n<link rel=\"canonical\" href=\"https:\/\/boutique.ettorevini.fr\/index.php\/produit\/lehte\/\" \/>\n<meta property=\"og:locale\" content=\"fr_FR\" \/>\n<meta property=\"og:type\" content=\"article\" \/>\n<meta property=\"og:title\" content=\"Lehte - Ettore Vini - Boutique en ligne de vins naturels\" \/>\n<meta property=\"og:description\" content=\"Charmante pour ses ar\u00f4mes uniques, cette malvasia issue d\u2019une seule parcelle de vignes \u00e2g\u00e9es de 45 ans sait d\u00e9gager une force aromatique in\u00e9galable. Certes, un vin qui a besoin de temps pour s\u2019\u00e9panouir et exprimer au maximum son potentiel\u00a0: un mixte de fruits blancs, d\u2019\u00e9pices orientales et aromatiques de nuances iod\u00e9es et pierreuses qui \u00e9voluent sans rel\u00e2che dans le verre au fur \u00e0 mesure qu\u2019il s\u2019oxyg\u00e8ne. Extraordinaire r\u00eave pour une soir\u00e9e\u00a0 en charmante compagnie.\" \/>\n<meta property=\"og:url\" content=\"https:\/\/boutique.ettorevini.fr\/index.php\/produit\/lehte\/\" \/>\n<meta property=\"og:site_name\" content=\"Ettore Vini - Boutique en ligne de vins naturels\" \/>\n<meta property=\"article:publisher\" content=\"https:\/\/www.facebook.com\/AnimaVini\" \/>\n<meta property=\"article:modified_time\" content=\"2025-02-23T12:33:54+00:00\" \/>\n<meta property=\"og:image\" content=\"https:\/\/boutique.ettorevini.fr\/wp-content\/uploads\/2020\/05\/aaa-8-scaled.jpg\" \/>\n\t<meta property=\"og:image:width\" content=\"2048\" \/>\n\t<meta property=\"og:image:height\" content=\"2560\" \/>\n\t<meta property=\"og:image:type\" content=\"image\/jpeg\" \/>\n<meta name=\"twitter:card\" content=\"summary_large_image\" \/>\n<meta name=\"twitter:label1\" content=\"Dur\u00e9e de lecture estim\u00e9e\" \/>\n\t<meta name=\"twitter:data1\" content=\"2 minutes\" \/>\n<script type=\"application\/ld+json\" class=\"yoast-schema-graph\">{\"@context\":\"https:\/\/schema.org\",\"@graph\":[{\"@type\":\"WebPage\",\"@id\":\"https:\/\/boutique.ettorevini.fr\/index.php\/produit\/lehte\/\",\"url\":\"https:\/\/boutique.ettorevini.fr\/index.php\/produit\/lehte\/\",\"name\":\"Lehte - Ettore Vini - Boutique en ligne de vins naturels\",\"isPartOf\":{\"@id\":\"https:\/\/boutique.ettorevini.fr\/#website\"},\"datePublished\":\"2020-05-03T10:36:36+00:00\",\"dateModified\":\"2025-02-23T12:33:54+00:00\",\"breadcrumb\":{\"@id\":\"https:\/\/boutique.ettorevini.fr\/index.php\/produit\/lehte\/#breadcrumb\"},\"inLanguage\":\"fr-FR\",\"potentialAction\":[{\"@type\":\"ReadAction\",\"target\":[\"https:\/\/boutique.ettorevini.fr\/index.php\/produit\/lehte\/\"]}]},{\"@type\":\"BreadcrumbList\",\"@id\":\"https:\/\/boutique.ettorevini.fr\/index.php\/produit\/lehte\/#breadcrumb\",\"itemListElement\":[{\"@type\":\"ListItem\",\"position\":1,\"name\":\"Accueil\",\"item\":\"https:\/\/boutique.ettorevini.fr\/\"},{\"@type\":\"ListItem\",\"position\":2,\"name\":\"LES VINS DE CESAR\",\"item\":\"https:\/\/boutique.ettorevini.fr\/\"},{\"@type\":\"ListItem\",\"position\":3,\"name\":\"Lehte\"}]},{\"@type\":\"WebSite\",\"@id\":\"https:\/\/boutique.ettorevini.fr\/#website\",\"url\":\"https:\/\/boutique.ettorevini.fr\/\",\"name\":\"Ettore Vini - Boutique en ligne de vins naturels\",\"description\":\"\u00c7a se passe en France depuis 2010\",\"potentialAction\":[{\"@type\":\"SearchAction\",\"target\":{\"@type\":\"EntryPoint\",\"urlTemplate\":\"https:\/\/boutique.ettorevini.fr\/?s={search_term_string}\"},\"query-input\":\"required name=search_term_string\"}],\"inLanguage\":\"fr-FR\"}]}<\/script>\n<!-- \/ Yoast SEO plugin. -->","yoast_head_json":{"title":"Lehte - Ettore Vini - Boutique en ligne de vins naturels","robots":{"index":"index","follow":"follow","max-snippet":"max-snippet:-1","max-image-preview":"max-image-preview:large","max-video-preview":"max-video-preview:-1"},"canonical":"https:\/\/boutique.ettorevini.fr\/index.php\/produit\/lehte\/","og_locale":"fr_FR","og_type":"article","og_title":"Lehte - Ettore Vini - Boutique en ligne de vins naturels","og_description":"Charmante pour ses ar\u00f4mes uniques, cette malvasia issue d\u2019une seule parcelle de vignes \u00e2g\u00e9es de 45 ans sait d\u00e9gager une force aromatique in\u00e9galable. Certes, un vin qui a besoin de temps pour s\u2019\u00e9panouir et exprimer au maximum son potentiel\u00a0: un mixte de fruits blancs, d\u2019\u00e9pices orientales et aromatiques de nuances iod\u00e9es et pierreuses qui \u00e9voluent sans rel\u00e2che dans le verre au fur \u00e0 mesure qu\u2019il s\u2019oxyg\u00e8ne. Extraordinaire r\u00eave pour une soir\u00e9e\u00a0 en charmante compagnie.","og_url":"https:\/\/boutique.ettorevini.fr\/index.php\/produit\/lehte\/","og_site_name":"Ettore Vini - Boutique en ligne de vins naturels","article_publisher":"https:\/\/www.facebook.com\/AnimaVini","article_modified_time":"2025-02-23T12:33:54+00:00","og_image":[{"width":2048,"height":2560,"url":"https:\/\/boutique.ettorevini.fr\/wp-content\/uploads\/2020\/05\/aaa-8-scaled.jpg","type":"image\/jpeg"}],"twitter_card":"summary_large_image","twitter_misc":{"Dur\u00e9e de lecture estim\u00e9e":"2 minutes"},"schema":{"@context":"https:\/\/schema.org","@graph":[{"@type":"WebPage","@id":"https:\/\/boutique.ettorevini.fr\/index.php\/produit\/lehte\/","url":"https:\/\/boutique.ettorevini.fr\/index.php\/produit\/lehte\/","name":"Lehte - Ettore Vini - Boutique en ligne de vins naturels","isPartOf":{"@id":"https:\/\/boutique.ettorevini.fr\/#website"},"datePublished":"2020-05-03T10:36:36+00:00","dateModified":"2025-02-23T12:33:54+00:00","breadcrumb":{"@id":"https:\/\/boutique.ettorevini.fr\/index.php\/produit\/lehte\/#breadcrumb"},"inLanguage":"fr-FR","potentialAction":[{"@type":"ReadAction","target":["https:\/\/boutique.ettorevini.fr\/index.php\/produit\/lehte\/"]}]},{"@type":"BreadcrumbList","@id":"https:\/\/boutique.ettorevini.fr\/index.php\/produit\/lehte\/#breadcrumb","itemListElement":[{"@type":"ListItem","position":1,"name":"Accueil","item":"https:\/\/boutique.ettorevini.fr\/"},{"@type":"ListItem","position":2,"name":"LES VINS DE CESAR","item":"https:\/\/boutique.ettorevini.fr\/"},{"@type":"ListItem","position":3,"name":"Lehte"}]},{"@type":"WebSite","@id":"https:\/\/boutique.ettorevini.fr\/#website","url":"https:\/\/boutique.ettorevini.fr\/","name":"Ettore Vini - Boutique en ligne de vins naturels","description":"\u00c7a se passe en France depuis 2010","potentialAction":[{"@type":"SearchAction","target":{"@type":"EntryPoint","urlTemplate":"https:\/\/boutique.ettorevini.fr\/?s={search_term_string}"},"query-input":"required name=search_term_string"}],"inLanguage":"fr-FR"}]}},"_links":{"self":[{"href":"https:\/\/boutique.ettorevini.fr\/index.php\/wp-json\/wp\/v2\/product\/500"}],"collection":[{"href":"https:\/\/boutique.ettorevini.fr\/index.php\/wp-json\/wp\/v2\/product"}],"about":[{"href":"https:\/\/boutique.ettorevini.fr\/index.php\/wp-json\/wp\/v2\/types\/product"}],"version-history":[{"count":3,"href":"https:\/\/boutique.ettorevini.fr\/index.php\/wp-json\/wp\/v2\/product\/500\/revisions"}],"predecessor-version":[{"id":1046,"href":"https:\/\/boutique.ettorevini.fr\/index.php\/wp-json\/wp\/v2\/product\/500\/revisions\/1046"}],"wp:featuredmedia":[{"embeddable":true,"href":"https:\/\/boutique.ettorevini.fr\/index.php\/wp-json\/wp\/v2\/media\/1565"}],"wp:attachment":[{"href":"https:\/\/boutique.ettorevini.fr\/index.php\/wp-json\/wp\/v2\/media?parent=500"}],"wp:term":[{"taxonomy":"product_cat","embeddable":true,"href":"https:\/\/boutique.ettorevini.fr\/index.php\/wp-json\/wp\/v2\/product_cat?post=500"},{"taxonomy":"product_tag","embeddable":true,"href":"https:\/\/boutique.ettorevini.fr\/index.php\/wp-json\/wp\/v2\/product_tag?post=500"}],"curies":[{"name":"wp","href":"https:\/\/api.w.org\/{rel}","templated":true}]}}